
Convert -1 (base 12) to base 13.
-1
-423 (base 6) to base 10
-159
What is -132 (base 4) in base 8?
-36
What is -47 (base 8) in base 5?
-124
-11110 (base 2) to base 4
-132
Convert -10 (base 15) to base 2.
-1111
Convert 35 (base 15) to base 16.
32
-14 (base 15) to base 9
-21
What is 3 (base 4) in base 2?
11
Convert -11011 (base 2) to base 7.
-36
What is 10100100 (base 2) in base 9?
202
a (base 11) to base 14
a
Convert 103 (base 10) to base 15.
6d
2233 (base 4) to base 11
14a
What is 121 (base 4) in base 7?
34
What is 0 (base 2) in base 15?
0
-20 (base 3) to base 6
-10
Convert -10001 (base 2) to base 12.
-15
a (base 14) to base 11
a
What is 3 (base 8) in base 11?
3
What is 10 (base 6) in base 3?
20
What is 3 (base 9) in base 6?
3
What is 0 (base 5) in base 6?
0
Convert -5 (base 13) to base 15.
-5
Convert 6 (base 11) to base 2.
110
-10 (base 14) to base 10
-14
Convert 233 (base 12) to base 8.
507
What is -5 (base 10) in base 16?
-5
3 (base 9) to base 4
3
Convert 5 (base 10) to base 9.
5
101001 (base 2) to base 8
51
340 (base 5) to base 16
5f
Convert 3 (base 5) to base 2.
11
Convert -a (base 12) to base 8.
-12
Convert 3 (base 14) to base 6.
3
Convert 3 (base 10) to base 8.
3
What is 0 (base 2) in base 11?
0
Convert -7 (base 10) to base 6.
-11
-21121 (base 3) to base 12
-151
What is 6 (base 13) in base 11?
6
Convert 2131 (base 4) to base 9.
184
Convert -d (base 16) to base 12.
-11
39 (base 16) to base 8
71
What is -26 (base 7) in base 2?
-10100
Convert -3 (base 4) to base 6.
-3
-100000 (base 2) to base 14
-24
-57 (base 12) to base 5
-232
Convert 16 (base 11) to base 16.
11
Convert 10 (base 2) to base 10.
2
Convert -27 (base 14) to base 13.
-29
What is 11 (base 4) in base 16?
5
-28b (base 12) to base 16
-18b
What is 49 (base 11) in base 4?
311
33 (base 4) to base 12
13
Convert -2 (base 15) to base 9.
-2
-248 (base 11) to base 6
-1210
4 (base 11) to base 14
4
Convert 1 (base 6) to base 4.
1
What is -24 (base 6) in base 14?
-12
Convert 20000 (base 3) to base 16.
a2
What is 1 (base 13) in base 15?
1
-6 (base 7) to base 4
-12
53 (base 8) to base 9
47
What is -4 (base 10) in base 4?
-10
-3 (base 9) to base 4
-3
-3 (base 8) to base 16
-3
Convert 10103 (base 4) to base 10.
275
202 (base 4) to base 13
28
What is -17 (base 16) in base 3?
-212
173 (base 8) to base 15
83
What is 2 (base 11) in base 5?
2
What is 10003 (base 4) in base 6?
1111
1 (base 12) to base 7
1
-2 (base 8) to base 3
-2
2 (base 3) to base 13
2
What is 4 (base 9) in base 8?
4
What is 4 (base 5) in base 2?
100
What is -101001111 (base 2) in base 11?
-285
What is -243 (base 6) in base 2?
-1100011
13 (base 5) to base 15
8
3 (base 6) to base 5
3
2 (base 10) to base 6
2
-2 (base 10) to base 6
-2
Convert -163 (base 10) to base 4.
-2203
3 (base 5) to base 6
3
What is 103 (base 4) in base 16?
13
Convert 21202 (base 3) to base 8.
321
What is -19 (base 15) in base 7?
-33
What is -c6 (base 14) in base 13?
-105
1 (base 4) to base 13
1
Convert -5 (base 14) to base 12.
-5
Convert -2 (base 8) to base 15.
-2
What is 100100011 (base 2) in base 16?
123
What is -59 (base 14) in base 10?
-79
1 (base 2) to base 16
1
What is 1 (base 16) in base 4?
1
What is 15 (base 7) in base 16?
c
5 (base 6) to base 15
5
-1221 (base 4) to base 8
-151
What is 266 (base 9) in base 2?
11011110
What is -146 (base 8) in base 2?
-1100110
3 (base 11) to base 9
3
What is -100 (base 7) in base 13?
-3a
-14 (base 6) to base 14
-a
22 (base 5) to base 13
c
What is 201 (base 5) in base 4?
303
What is 13 (base 10) in base 3?
111
6 (base 13) to base 15
6
What is -5a (base 11) in base 9?
-72
What is -ae (base 15) in base 13?
-c8
Convert 3 (base 7) to base 16.
3
-24 (base 8) to base 7
-26
Convert -10032 (base 4) to base 8.
-416
-41 (base 10) to base 9
-45
1 (base 13) to base 11
1
-10220 (base 3) to base 10
-105
-1 (base 4) to base 14
-1
-33 (base 8) to base 5
-102
What is 20 (base 3) in base 2?
110
What is 0 (base 7) in base 4?
0
What is 4 (base 10) in base 13?
4
What is 10 (base 7) in base 16?
7
What is 10213 (base 4) in base 15?
14a
Convert -61 (base 15) to base 4.
-1123
2 (base 9) to base 3
2
What is ba (base 15) in base 11?
14a
What is -47 (base 16) in base 15?
-4b
-c (base 16) to base 14
-c
What is -13 (base 14) in base 8?
-21
What is 6 (base 8) in base 13?
6
Convert 2 (base 16) to base 7.
2
Convert 200 (base 5) to base 16.
32
What is 2 (base 15) in base 2?
10
Convert -10111011 (base 2) to base 9.
-227
85 (base 11) to base 15
63
What is 120 (base 3) in base 11?
14
Convert -1 (base 11) to base 16.
-1
What is -2 (base 5) in base 3?
-2
-4 (base 6) to base 10
-4
1 (base 14) to base 6
1
What is 20 (base 3) in base 4?
12
What is 7c (base 15) in base 14?
85
What is 50 (base 11) in base 2?
110111
Convert -27 (base 15) to base 8.
-45
Convert -2 (base 10) to base 13.
-2
What is -26 (base 15) in base 7?
-51
8 (base 9) to base 10
8
Convert 1000 (base 2) to base 9.
8
What is 3 (base 10) in base 15?
3
5 (base 8) to base 12
5
62 (base 7) to base 12
38
Convert 1 (base 13) to base 10.
1
What is -3 (base 15) in base 2?
-11
Convert -1 (base 11) to base 4.
-1
a (base 14) to base 13
a
Convert -22 (base 14) to base 5.
-110
What is -1012 (base 5) in base 6?
-340
-9 (base 12) to base 15
-9
-23 (base 15) to base 3
-1020
-247 (base 8) to base 4
-2213
What is 238 (base 9) in base 5?
1242
Convert 5 (base 8) to base 5.
10
What is 3 (base 13) in base 11?
3
ca (base 13) to base 2
10100110
What is 17 (base 15) in base 6?
34
Convert 25 (base 7) to base 10.
19
What is -132 (base 4) in base 9?
-33
Convert -1 (base 3) to base 12.
-1
Convert -50 (base 6) to base 14.
-22
187 (base 13) to base 16
118
Convert 104 (base 11) to base 6.
325
-133 (base 6) to base 13
-45
Convert -2e (base 16) to base 11.
-42
What is -2 (base 5) in base 6?
-2
What is -206 (base 7) in base 16?
-68
What is -1 (base 2) in base 4?
-1
What is 1 (base 3) in base 14?
1
152 (base 11) to base 6
454
-100 (base 9) to base 12
-69
Convert -cc (base 15) to base 9.
-233
-3 (base 11) to base 8
-3
Convert 4 (base 15) to base 12.
4
Convert -139 (base 11) to base 8.
-243
What is 3 (base 14) in base 4?
3
-24 (base 12) to base 4
-130
What is -48 (base 15) in base 13?
-53
What is 219 (base 10) in base 5?
1334
Convert -41 (base 11) to base 14.
-33
27 (base 11) to base 6
45
What is -3 (base 5) in base 14?
-3
30 (base 13) to base 4
213
Convert -1001 (base 2) to base 14.
-9
1 (base 12) to base 5
1
Convert -1 (base 9) to base 7.
-1
-5a (base 11) to base 2
-1000001
-16 (base 10) to base 4
-100
-4 (base 12) to base 3
-11
10 (base 2) to base 3
2
Convert 11 (base 11) to base 8.
14
What is -29 (base 12) in base 9?
-36
What is -26 (base 15) in base 2?
-100100
-6 (base 8) to base 5
-11
0 (base 12) to base 10
0
Convert a (base 16) to base 4.
22
Convert -17 (base 8) to base 11.
-14
What is 15 (base 6) in base 2?
1011
3 (base 11) to base 9
3
What is 1 (base 8) in base 16?
1
Convert -1 (base 15) to base 14.
-1
Convert 7 (base 16) to base 5.
12
What is 22120 (base 3) in base 4?
3213
14 (base 10) to base 14
10
239 (base 11) to base 12
1b8
Convert -23 (base 13) to base 10.
-29
-3 (base 15) to base 5
-3
Convert 3 (base 10) to base 12.
3
-26 (base 13) to base 5
-112
-42 (base 14) to base 5
-213
Convert 2 (base 13) to base 5.
2
Convert 13 (base 4) to base 8.
7
What is -4 (base 11) in base 16?
-4
What is -a (base 12) in base 6?
-14
Convert -2 (base 10) to base 15.
-2
Convert 24 (base 12) to base 9.
31
What is 2 (base 4) in base 5?
2
Convert -62 (base 7) to base 16.
-2c
Convert -133 (base 5) to base 2.
-101011
What is 332 (base 5) in base 3?
10102
Convert -8d (base 15) to base 16.
-85
What is 12 (base 15) in base 7?
23
What is 0 (base 14) in base 13?
0
Convert 4 (base 6) to base 5.
4
What is 83 (base 13) in base 14?
79
What is 3 (base 4) in base 7?
3
-232 (base 4) to base 9
-51
9a (base 14) to base 15
91
Convert 11 (base 14) to base 10.
15
Convert -103 (base 4) to base 14.
-15
Convert 145 (base 8) to base 16.
65
What is -5 (base 8) in base 5?
-10
Convert -94 (base 13) to base 5.
-441
11111010 (base 2) to base 16
fa
What is 2 (base 3) in base 10?
2
3 (base 9) to base 5
3
What is -55 (base 10) in base 6?
-131
Convert 9 (base 11) to base 4.
21
Convert 11 (base 11) to base 12.
10
Convert 25 (base 6) to base 4.
101
What is -1 (base 9) in base 15?
